by 5370?
3
Calculate the remainder when 4010 is divided by 609.
356
What is the remainder when 38167 is divided by 265?
7
Calculate the remainder when 313831 is divided by 62766.
1
Calculate the remainder when 37132 is divided by 251.
235
Calculate the remainder when 17730 is divided by 44.
42
Calculate the remainder when 14053 is divided by 79.
70
What is the remainder when 81961 is divided by 9103?
34
Calculate the remainder when 7847 is divided by 228.
95
What is the remainder when 149949 is divided by 20?
9
What is the remainder when 11847 is divided by 2931?
123
What is the remainder when 50802 is divided by 16920?
42
What is the remainder when 5284 is divided by 747?
55
What is the remainder when 346982 is divided by 437?
4
Calculate the remainder when 10648 is divided by 50.
48
Calculate the remainder when 671582 is divided by 11.
10
Calculate the remainder when 1357639 is divided by 25.
14
What is the remainder when 1161473 is divided by 387150?
23
Calculate the remainder when 440978 is divided by 69.
68
Calculate the remainder when 12288 is divided by 14.
10
What is the remainder when 22500 is divided by 29?
25
Calculate the remainder when 11322 is divided by 1408.
58
Calculate the remainder when 22645 is divided by 943.
13
What is the remainder when 9293 is divided by 403?
24
Calculate the remainder when 53197 is divided by 94.
87
Calculate the remainder when 3121 is divided by 195.
1
What is the remainder when 78943 is divided by 75?
43
Calculate the remainder when 1451 is divided by 292.
283
What is the remainder when 64880 is divided by 64874?
6
Calculate the remainder when 94520 is divided by 32.
24
Calculate the remainder when 12950 is divided by 6466.
18
What is the remainder when 198406 is divided by 39652?
146
Calculate the remainder when 15589 is divided by 5.
4
What is the remainder when 14818 is divided by 7383?
52
Calculate the remainder when 284052 is divided by 71009.
16
What is the remainder when 31408 is divided by 15697?
14
Calculate the remainder when 1750 is divided by 576.
22
Calculate the remainder when 2192 is divided by 382.
282
Calculate the remainder when 385 is divided by 312.
73
What is the remainder when 1909 is divided by 1905?
4
What is the remainder when 1719 is divided by 4?
3
Calculate the remainder when 3391 is divided by 58.
27
Calculate the remainder when 8090 is divided by 68.
66
Calculate the remainder when 138765 is divided by 291.
249
What is the remainder when 130678 is divided by 110?
108
What is the remainder when 11990 is divided by 3996?
2
Calculate the remainder when 9527 is divided by 859.
78
What is the remainder when 446946 is divided by 469?
458
What is the remainder when 6728 is divided by 837?
32
Calculate the remainder when 130163 is divided by 40.
3
What is the remainder when 3065921 is divided by 3?
2
What is the remainder when 11243 is divided by 137?
9
Calculate the remainder when 17006 is divided by 1889.
5
Calculate the remainder when 6844919 is divided by 8.
7
What is the remainder when 13535 is divided by 861?
620
Calculate the remainder when 323374 is divided by 25.
24
What is the remainder when 4467 is divided by 910?
827
What is the remainder when 42497 is divided by 25?
22
Calculate the remainder when 168575 is divided by 196.
15
Calculate the remainder when 1194 is divided by 551.
92
Calculate the remainder when 34642 is divided by 4.
2
Calculate the remainder when 26429 is divided by 1650.
29
Calculate the remainder when 23578 is divided by 15.
13
Calculate the remainder when 9331 is divided by 182.
49
What is the remainder when 2850 is divided by 237?
6
Calculate the remainder when 9961 is divided by 97.
67
What is the remainder when 2595 is divided by 1220?
155
Calculate the remainder when 7692 is divided by 1917.
24
Calculate the remainder when 29048 is divided by 510.
488
What is the remainder when 20864 is divided by 2728?
1768
Calculate the remainder when 147724 is divided by 49218.
70
Calculate the remainder when 124141 is divided by 2342.
15
What is the remainder when 52974 is divided by 56?
54
What is the remainder when 74675 is divided by 84?
83
Calculate the remainder when 200326 is divided by 4.
2
Calculate the remainder when 92991 is divided by 2022.
2001
Calculate the remainder when 56854 is divided by 46.
44
What is the remainder when 3800 is divided by 191?
171
What is the remainder when 73490 is divided by 9186?
2
Calculate the remainder when 38724 is divided by 12899.
27
What is the remainder when 1412 is divided by 1123?
289
What is the remainder when 61728 is divided by 450?
78
What is the remainder when 571230 is divided by 39?
36
What is the remainder when 9272 is divided by 205?
47
Calculate the remainder when 2011 is divided by 68.
39
Calculate the remainder when 5865 is divided by 103.
97
What is the remainder when 50461 is divided by 22?
15
What is the remainder when 8860692 is divided by 278?
276
What is the remainder when 11680 is divided by 15?
10
Calculate the remainder when 178179 is divided by 1635.
1599
What is the remainder when 355254 is divided by 40?
14
Calculate the remainder when 2486 is divided by 319.
253
Calculate the remainder when 27915 is divided by 141.
138
Calculate the remainder when 1747 is divided by 353.
335
Calculate the remainder when 378689 is divided by 21.
17
Calculate the remainder when 1444776 is divided by 969.
966
What is the remainder when 7127 is divided by 21?
8
What is the remainder when 8528 is divided by 203?
2
What is the remainder when 76 is divided by 12?
4
Calculate the remainder when 79134 is divided by 17.
16
What is the remainder when 27899 is divided by 32?
27
What is the remainder when 13333 is divided by 3197?
545
Calculate the remainder when 5831 is divided by 127.
116
Calculate the remainder when 157439 is divided by 11.
7
What is the remainder when 4195 is divided by 466?
1
What is the remainder when 68441 is divided by 7?
2
What is the remainder when 188098 is divided by 258?
16
Calculate the remainder when 13510 is divided by 1499.
19
Calculate the remainder when 38638 is divided by 16.
14
Calculate the remainder when 336063 is divided by 168028.
7
Calculate the remainder when 7308 is divided by 170.
168
Calculate the remainder when 241208 is divided by 80399.
11
What is the remainder when 1011800 is divided by 22?
20
What is the remainder when 1845355 is divided by 615115?
10
What is the remainder when 4087618 is divided by 12?
10
What is the remainder when 198194 is divided by 4404?
14
Calculate the remainder when 6828 is divided by 6825.
3
Calculate the remainder when 9920 is divided by 291.
26
Calculate the remainder when 42407 is divided by 22.
13
What is the remainder when 438 is divided by 178?
82
Calculate the remainder when 27833 is divided by 174.
167
Calculate the remainder when 267846 is divided by 75.
21
What is the remainder when 745776 is divided by 3?
0
Calculate the remainder when 1156 is divided by 538.
80
What is the remainder when 564208 is divided by 18?
16
Calculate the remainder when 1306 is divided by 97.
45
What is the remainder when 62578 is divided by 56?
26
Calculate the remainder when 26393 is divided by 185.
123
What is the remainder when 23201 is divided by 120?
41
What is the remainder when 57372 is divided by 526?
38
What is the remainder when 2850 is divided by 130?
120
What is the remainder when 14834 is divided by 3707?
6
What is the remainder when 16327 is divided by 60?
7
Calculate the remainder when 2395598 is divided by 22.
18
Calculate the remainder when 5643 is divided by 155.
63
What is the remainder when 558599 is divided by 294?
293
What is the remainder when 59334 is divided by 4944?
6
What is the remainder when 7974 is divided by 7942?
32
What is the remainder when 11373 is divided by 381?
324
What is the remainder when 23079 is divided by 1775?
4
Calculate the remainder when 22933 is divided by 1645.
1548
What is the remainder when 11910 is divided by 110?
30
Calculate the remainder when 235 is divided by 219.
16
Calculate the remainder when 1522 is divided by 292.
62
Calculate the remainder when 241334 is divided by 194.
192
Calculate the remainder when 7183 is divided by 90.
73
Calculate the remainder when 490243 is divided by 483.
48